{"id":50,"date":"2020-09-26T14:51:14","date_gmt":"2020-09-26T12:51:14","guid":{"rendered":"http:\/\/ikap.spsbv.cz\/?page_id=50"},"modified":"2020-09-28T21:39:21","modified_gmt":"2020-09-28T19:39:21","slug":"prehlidka","status":"publish","type":"page","link":"https:\/\/ikap.spsbv.cz\/index.php\/prehlidka\/","title":{"rendered":"P\u0159ehl\u00eddka"},"content":{"rendered":"\n<figure class=\"wp-block-image size-large\"><img loading=\"lazy\" width=\"612\" height=\"118\" src=\"http:\/\/ikap.spsbv.cz\/wp-content\/uploads\/2020\/09\/prehlidka.png\" alt=\"\" class=\"wp-image-52\" srcset=\"https:\/\/ikap.spsbv.cz\/wp-content\/uploads\/2020\/09\/prehlidka.png 612w, https:\/\/ikap.spsbv.cz\/wp-content\/uploads\/2020\/09\/prehlidka-300x58.png 300w\" sizes=\"(max-width: 612px) 100vw, 612px\" \/><\/figure>\n\n\n\n<p><strong>Popis realizace podaktivity<\/strong><\/p>\n\n\n\n<p><p style=\"text-align: justify\">P\u0159ehl\u00eddka pro \u017e\u00e1ky S\u0160 bude zam\u011b\u0159en\u00e1 na p\u0159edstaven\u00ed v\u00fdstup\u016f tvorby a polytechnick\u00fdch \u010dinnost\u00ed&nbsp; z&nbsp;jednotliv\u00fdch krou\u017ek\u016f S\u0160 a z&nbsp;\u017e\u00e1kovsk\u00fdch projekt\u016f. P\u0159ehl\u00eddka bude realizov\u00e1na formou uk\u00e1zek a ve\u0159ejn\u00e9 prezentace (obhajoby) jednotliv\u00fdch projekt\u016f viz v\u00fd\u0161e. M\u00e1 p\u0159\u00edmou n\u00e1vaznost na KA05-1 a na KA05-2. Na p\u0159ehl\u00eddku budou pozv\u00e1ni z\u00e1stupci spolupracuj\u00edc\u00edch subjekt\u016f. P\u0159ehl\u00eddka pro \u017e\u00e1ky Z\u0160 bude realizov\u00e1na formou workshop\u016f, kde p\u0159edstav\u00ed \u017e\u00e1ci z&nbsp;jednotliv\u00fdch krou\u017ek\u016f pro Z\u0160 a S\u0160 sv\u00e9 realizovan\u00e9 projekty. \u00da\u010dastn\u00edci p\u0159ehl\u00eddky si m\u016f\u017eou osobn\u011b vyzkou\u0161et r\u016fzn\u00e1 za\u0159\u00edzen\u00ed a sezn\u00e1mit se s&nbsp;v\u00fdstupy a mini projekty z&nbsp;jednotliv\u00fdch polytechnick\u00fdch krou\u017ek\u016f. P\u0159ehl\u00eddka rovn\u011b\u017e navazuje na KA05-1 a KA05-2. &nbsp;<\/p><\/p>\n\n\n\n<p><strong>V\u00fdstup kl\u00ed\u010dov\u00e9 podaktivity<\/strong><\/p>\n\n\n\n<ol><li>2x p\u0159ehl\u00eddka polytechnick\u00fdch \u010dinnost\u00ed a dovednost\u00ed \u017e\u00e1k\u016f S\u0160<\/li><li>2x p\u0159ehl\u00eddka polytechnick\u00fdch \u010dinnost\u00ed pro \u017e\u00e1ky Z\u0160<\/li><\/ol>\n\n\n\n<figure class=\"wp-block-image size-large\"><img src=\"http:\/\/ikap.spsbv.cz\/wp-content\/uploads\/2020\/09\/logolink-e1601321657793.jpg\" alt=\"\" class=\"wp-image-15\"\/><\/figure>\n","protected":false},"excerpt":{"rendered":"<p>Popis realizace podaktivity P\u0159ehl\u00eddka pro \u017e\u00e1ky S\u0160 bude zam\u011b\u0159en\u00e1 na p\u0159edstaven\u00ed v\u00fdstup\u016f tvorby a polytechnick\u00fdch \u010dinnost\u00ed&nbsp; z&nbsp;jednotliv\u00fdch krou\u017ek\u016f S\u0160 a z&nbsp;\u017e\u00e1kovsk\u00fdch projekt\u016f. P\u0159ehl\u00eddka bude realizov\u00e1na formou uk\u00e1zek a ve\u0159ejn\u00e9 prezentace (obhajoby) jednotliv\u00fdch projekt\u016f viz v\u00fd\u0161e. M\u00e1 p\u0159\u00edmou n\u00e1vaznost na KA05-1 &hellip; <a href=\"https:\/\/ikap.spsbv.cz\/index.php\/prehlidka\/\">Cel\u00fd p\u0159\u00edsp\u011bvek <span class=\"meta-nav\">&rarr;<\/span><\/a><\/p>\n","protected":false},"author":1,"featured_media":0,"parent":0,"menu_order":6,"comment_status":"closed","ping_status":"closed","template":"","meta":[],"_links":{"self":[{"href":"https:\/\/ikap.spsbv.cz\/index.php\/wp-json\/wp\/v2\/pages\/50"}],"collection":[{"href":"https:\/\/ikap.spsbv.cz\/index.php\/wp-json\/wp\/v2\/pages"}],"about":[{"href":"https:\/\/ikap.spsbv.cz\/index.php\/wp-json\/wp\/v2\/types\/page"}],"author":[{"embeddable":true,"href":"https:\/\/ikap.spsbv.cz\/index.php\/wp-json\/wp\/v2\/users\/1"}],"replies":[{"embeddable":true,"href":"https:\/\/ikap.spsbv.cz\/index.php\/wp-json\/wp\/v2\/comments?post=50"}],"version-history":[{"count":4,"href":"https:\/\/ikap.spsbv.cz\/index.php\/wp-json\/wp\/v2\/pages\/50\/revisions"}],"predecessor-version":[{"id":116,"href":"https:\/\/ikap.spsbv.cz\/index.php\/wp-json\/wp\/v2\/pages\/50\/revisions\/116"}],"wp:attachment":[{"href":"https:\/\/ikap.spsbv.cz\/index.php\/wp-json\/wp\/v2\/media?parent=50"}],"curies":[{"name":"wp","href":"https:\/\/api.w.org\/{rel}","templated":true}]}}