{"id":21,"date":"2020-09-26T14:07:04","date_gmt":"2020-09-26T12:07:04","guid":{"rendered":"http:\/\/ikap.spsbv.cz\/?page_id=21"},"modified":"2020-09-28T19:31:47","modified_gmt":"2020-09-28T17:31:47","slug":"o-projektu","status":"publish","type":"page","link":"https:\/\/ikap.spsbv.cz\/index.php\/o-projektu\/","title":{"rendered":"O projektu"},"content":{"rendered":"\n<p style=\"text-align: justify\">V regionu B\u0159eclavska je cel\u00e1 \u0159ada firem, kter\u00e9 maj\u00ed zoufal\u00fd nedostatek vhodn\u00fdch zam\u011bstnanc\u016f pro technick\u00e9 profese. Probudit u mlad\u00fdch lid\u00ed, a to u\u017e na z\u00e1kladn\u00ed \u0161kole z\u00e1jem o techniku a p\u0159\u00edrodn\u00ed v\u011bdy je z\u00e1kladn\u00edm p\u0159edpokladem pro vy\u0159e\u0161en\u00ed tohoto probl\u00e9mu. Praxe ukazuje, \u017ee je tak\u00e9 nutn\u00e9 a pot\u0159ebn\u00e9 ji\u017e ve velmi mlad\u00e9m v\u011bku za\u010d\u00edt vytv\u00e1\u0159et pracovn\u00ed dovednosti a n\u00e1vyky. V r\u00e1mci projektu p\u0159edkl\u00e1d\u00e1me organizaci krou\u017eku pro z\u00e1kladn\u00ed \u0161koly (Z\u0160) a st\u0159edn\u00ed \u0161koly (S\u0160). Organizace jednotliv\u00fdch tematick\u00fdch celk\u016f v r\u00e1mci krou\u017ek\u016f zahrnuje rozvoj technick\u00e9ho my\u0161len\u00ed v n\u00e1vaznosti na pot\u0159ebnou znalost jednotliv\u00fdch oblast\u00ed p\u0159\u00edrodn\u00edch v\u011bd. Ukazuje vyu\u017eit\u00ed techniky nejen v pr\u016fmyslu, ale tak\u00e9 v b\u011b\u017en\u00e9m \u017eivot\u011b. Na z\u00e1kladn\u00edch \u0161kol\u00e1ch nejsou v\u017edy pro specifick\u00e9 oblasti vhodn\u00ed odborn\u00edci a materi\u00e1ln\u011b-technick\u00e1 vybavenost. St\u0159edn\u00ed pr\u016fmyslov\u00e1 \u0161kola Edvarda Bene\u0161e a obchodn\u00ed akademie B\u0159eclav je nejv\u011bt\u0161\u00ed technickou instituc\u00ed v regionu. M\u00e1 dostatek odborn\u00edk\u016f i vhodn\u00fdch odborn\u00fdch prostor pro napln\u011bn\u00ed v\u00fd\u0161e uveden\u00fdch po\u017eadavk\u016f. Organizace krou\u017ek\u016f pro \u017e\u00e1ky st\u0159edn\u00edch \u0161kol popul\u00e1rn\u00ed formou pak motivuje k dal\u0161\u00edmu studiu techniky a rozv\u00edj\u00ed dovednosti a n\u00e1vyky v&nbsp;oblasti z\u00e1jmu \u017e\u00e1ka. Realizac\u00ed kl\u00ed\u010dov\u00fdch aktivit v&nbsp;r\u00e1mci projektu p\u0159edpokl\u00e1d\u00e1me zv\u00fd\u0161en\u00ed z\u00e1jmu o technick\u00e9 v\u011bdy a uplatn\u011bn\u00ed znalost\u00ed, dovednost\u00ed a n\u00e1vyk\u016f p\u0159i dal\u0161\u00edm studiu a v&nbsp;praxi. D\u00e1le p\u0159edpokl\u00e1d\u00e1me v&nbsp;r\u00e1mci projektu a opat\u0159en\u00ed viz v\u00fd\u0161e sd\u00edlen\u00ed u\u010deben a praktick\u00fdch v\u00fdukov\u00fdch celk\u016f s&nbsp;jin\u00fdmi \u0161kolami v&nbsp;r\u00e1mci na\u0161eho regionu a&nbsp;Jihomoravsk\u00e9ho kraje.<\/p>\n\n\n\n<p><p style=\"text-align: justify\">Projekt jednozna\u010dn\u011b zvy\u0161uje u zapojen\u00fdch \u017e\u00e1k\u016f pov\u011bdom\u00ed o technick\u00e9m prost\u0159ed\u00ed v oborech elektrotechnika, stroj\u00edrenstv\u00ed a informa\u010dn\u00ed a komunika\u010dn\u00ed technologie. V r\u00e1mci jednotliv\u00fdch t\u00e9mat se tyto obory vz\u00e1jemn\u011b prol\u00ednaj\u00ed a \u017e\u00e1ci ch\u00e1pou prov\u00e1zanost jednotliv\u00fdch obor\u016f. Projekt se zam\u011b\u0159uje nejen na samotnou oblast techniky a p\u0159\u00edrodn\u00edch v\u011bd, ale klade d\u016fraz tak\u00e9 na environment\u00e1ln\u00ed v\u00fdchovu. P\u0159\u00edkladem je realizace pracovi\u0161t\u011b obnoviteln\u00fdch zdroj\u016f. Po absolvov\u00e1n\u00ed v\u0161ech tematick\u00fdch celk\u016f v&nbsp;r\u00e1mci krou\u017ek\u016f z\u00edskaj\u00ed \u017e\u00e1ci z\u00e1kladn\u00ed p\u0159edstavu o technick\u00fdch oborech a maj\u00ed element\u00e1rn\u00ed zru\u010dnost p\u0159i pr\u00e1ci s&nbsp;n\u00e1\u0159ad\u00edm a jednoduch\u00fdmi konstruk\u010dn\u00edmi prvky, nap\u0159. elektronick\u00fdmi sou\u010d\u00e1stkami a element\u00e1rn\u00ed dovednost p\u0159i pou\u017e\u00edv\u00e1n\u00ed vybran\u00fdch elektronick\u00fdch za\u0159\u00edzen\u00ed. Pochop\u00ed, jak vyu\u017e\u00edt slo\u017eit\u00e1 technick\u00e1 za\u0159\u00edzen\u00ed v b\u011b\u017en\u00e9 praxi. Projekt nen\u00e1silnou formou seznamuje d\u011bti z\u00e1kladn\u00edch \u0161kol s jednotliv\u00fdmi oblastmi techniky a nov\u00fdmi poznatky v oblasti p\u0159\u00edrodn\u00edch v\u011bd. V r\u00e1mci mini projekt\u016f je vede k dovednosti realizovat vlastn\u00ed n\u00e1pad a dot\u00e1hnout jej do konce. Zbavuje jich ostychu z p\u0159edm\u011bt\u016f jako matematika a fyzika a buduje v nich k&nbsp;t\u011bmto oblastem vztah. Jednotliv\u00e9 tematick\u00e9 celky krou\u017eku motivuj\u00ed \u017e\u00e1ky ke studiu techniky a p\u0159\u00edrodn\u00edch v\u011bd, probouzej\u00ed v nich z\u00e1jem o pozn\u00e1v\u00e1n\u00ed nov\u00fdch v\u011bc\u00ed a jejich aplikov\u00e1n\u00ed do b\u011b\u017en\u00e9ho \u017eivota.<\/p><\/p>\n\n\n\n<p><strong>V\u00fdchoz\u00ed stav:<\/strong><\/p>\n\n\n\n<p><p style=\"text-align: justify\">Nedostate\u010dn\u00e9 pov\u011bdom\u00ed o mo\u017enostech technick\u00e9ho vzd\u011bl\u00e1v\u00e1n\u00ed a oblastech polytechniky. N\u00e1sledn\u011b pak nedostatek absolvent\u016f v&nbsp;oblasti techniky na st\u0159edn\u00ed \u2013 st\u0159edo\u0161kolsk\u00e9 \u00farovni. P\u0159\u00ed\u010diny mohou b\u00fdt v&nbsp;obav\u011b vysok\u00e9 n\u00e1ro\u010dnosti p\u0159edev\u0161\u00edm v&nbsp;oblasti studia p\u0159\u00edrodn\u00edch v\u011bd. U d\u011bt\u00ed z\u00e1kladn\u00edch \u0161kol je n\u00edzk\u00e9 pov\u011bdom\u00ed o mo\u017enostech studia a dal\u0161\u00edho uplatn\u011bn\u00ed v&nbsp;technick\u00fdch v\u011bd\u00e1ch. Vliv techniky na sou\u010dasnou spole\u010dnost je \u010d\u00edm d\u00e1l vy\u0161\u0161\u00ed a i na b\u011b\u017en\u00e9ho u\u017eivatel jsou v&nbsp;sou\u010dasn\u00e9 dob\u011b kladeny vysok\u00e9 n\u00e1roky. Motivace ml\u00e1de\u017ee v&nbsp;oblasti polytechnick\u00e9ho vzd\u011bl\u00e1v\u00e1n\u00ed nen\u00ed p\u0159\u00edli\u0161 vysok\u00e1 a je u n\u00ed patrn\u00e1 obava z&nbsp;vysok\u00e9 obt\u00ed\u017enosti p\u0159i zvl\u00e1dnut\u00ed p\u0159edm\u011bt\u016f jako je matematika, fyzika apod.<\/p><\/p>\n\n\n\n<figure class=\"wp-block-image size-large\"><img src=\"http:\/\/ikap.spsbv.cz\/wp-content\/uploads\/2020\/09\/logolink.jpg\" alt=\"\" class=\"wp-image-15\"\/><\/figure>\n","protected":false},"excerpt":{"rendered":"<p>V regionu B\u0159eclavska je cel\u00e1 \u0159ada firem, kter\u00e9 maj\u00ed zoufal\u00fd nedostatek vhodn\u00fdch zam\u011bstnanc\u016f pro technick\u00e9 profese. Probudit u mlad\u00fdch lid\u00ed, a to u\u017e na z\u00e1kladn\u00ed \u0161kole z\u00e1jem o techniku a p\u0159\u00edrodn\u00ed v\u011bdy je z\u00e1kladn\u00edm p\u0159edpokladem pro vy\u0159e\u0161en\u00ed tohoto probl\u00e9mu. Praxe &hellip; <a href=\"https:\/\/ikap.spsbv.cz\/index.php\/o-projektu\/\">Cel\u00fd p\u0159\u00edsp\u011bvek <span class=\"meta-nav\">&rarr;<\/span><\/a><\/p>\n","protected":false},"author":1,"featured_media":0,"parent":0,"menu_order":1,"comment_status":"closed","ping_status":"closed","template":"","meta":[],"_links":{"self":[{"href":"https:\/\/ikap.spsbv.cz\/index.php\/wp-json\/wp\/v2\/pages\/21"}],"collection":[{"href":"https:\/\/ikap.spsbv.cz\/index.php\/wp-json\/wp\/v2\/pages"}],"about":[{"href":"https:\/\/ikap.spsbv.cz\/index.php\/wp-json\/wp\/v2\/types\/page"}],"author":[{"embeddable":true,"href":"https:\/\/ikap.spsbv.cz\/index.php\/wp-json\/wp\/v2\/users\/1"}],"replies":[{"embeddable":true,"href":"https:\/\/ikap.spsbv.cz\/index.php\/wp-json\/wp\/v2\/comments?post=21"}],"version-history":[{"count":15,"href":"https:\/\/ikap.spsbv.cz\/index.php\/wp-json\/wp\/v2\/pages\/21\/revisions"}],"predecessor-version":[{"id":111,"href":"https:\/\/ikap.spsbv.cz\/index.php\/wp-json\/wp\/v2\/pages\/21\/revisions\/111"}],"wp:attachment":[{"href":"https:\/\/ikap.spsbv.cz\/index.php\/wp-json\/wp\/v2\/media?parent=21"}],"curies":[{"name":"wp","href":"https:\/\/api.w.org\/{rel}","templated":true}]}}